is w(m)?
5
Suppose j - 5*l = -32, 4 = j - 127*l + 131*l. Let q(i) = 2*i - 8. Determine q(j).
-32
Suppose -9 = -3*i - 0*i. Suppose -3*h = -5*u + 17, 4 - 5 = i*h - u. Let b(s) = -s**3 - s**2 + s. Determine b(h).
-1
Let v(k) = 6 + 0*k**2 + 0 + 7*k + 2*k**2. Suppose -9*n + 5058 = 5094. Determine v(n).
10
Let z(r) be the third derivative of -7*r**6/120 - r**5/60 + r**4/24 - 3*r**2 + 1. Let b(x) = x**2 + x - 1. Let y be b(-2). Determine z(y).
-7
Let i(f) = f**2 - 30*f + 227. Let d be i(17). Let c(u) = -8 + u**3 + 0*u**3 - 6*u**2 + 0*u**3. Give c(d).
-8
Let a(r) = -275 + 20*r + 532 - 256. Give a(1).
21
Let t = 112 - -136. Let c(x) = -x - 250 + t - x**2 - 4*x. Determine c(-3).
4
Let x = -4 + 6. Let o(d) = -20*d**2 + 14*d + 3. Let z(p) = -37*p**2 + 26*p + 5. Let c(l) = -11*o(l) + 6*z(l). Calculate c(x).
-7
Let f = 15897 + -15895. Let x(j) be the third derivative of 0*j + 1/6*j**3 - 1/12*j**4 + j**2 + 0 + 1/60*j**5 + 1/120*j**6. Determine x(f).
9
Let n(f) = -2*f**2 + 3*f + 1. Let y(q) be the third derivative of q**6/120 + q**5/60 - q**3/6 - 13*q**2. Let o(u) = n(u) - y(u). What is o(-4)?
6
Let a(r) be the third derivative of r**5/60 - 7*r**4/24 + r**3/3 + 11*r**2. Let m(d) = -d**2 + 8*d - 2. Let n(l) = 6*a(l) + 5*m(l). Calculate n(2).
2
Let y(u) = 16*u**3 + 47*u**2 - 5*u - 6. Let q(h) = 3*h**3 + 8*h**2 - h - 1. Let d(b) = 11*q(b) - 2*y(b). Give d(6).
-5
Let g(w) = -4*w + 6. Suppose -5*i + 3*p - 15 = 0, 0 = -p + 3*p + 10. What is g(i)?
30
Let q(s) = 11*s**2 + 35*s - 6. Let d(r) = -4*r**2 - 12*r + 2. Let i(k) = -8*d(k) - 3*q(k). Give i(-9).
2
Let n(k) be the first derivative of -k**4/4 - 2*k**3 - 2*k**2 - 3*k - 146. Determine n(-5).
-8
Let v(f) = -4*f - 1. Let w be (-11 - -17) + 4/(-16)*0. Calculate v(w).
-25
Let z(r) = r**3 + 4*r**2 - 4*r + 1. Let o(x) = 3*x**3 - x**2 - 13*x - 3. Let q be o(-2). What is z(q)?
-4
Let k(z) = z**3 + 8*z**2 + 7*z + 6. Suppose 54 = -p + 3*p. Suppose p = -3*a + 6. Determine k(a).
6
Let t(i) be the first derivative of i**4/4 + 14*i**3/3 - 11*i + 373. What is t(-14)?
-11
Let s(z) = z**2 - 1. Let c(f) = -4*f**2 + 7*f - 7. Let a(w) = c(w) + 5*s(w). Suppose -2*g - 7 = -g - t, -2*g - 22 = 2*t. Give a(g).
6
Let n(p) = -2*p + 2 - 10*p**2 + 6*p**2 - 3*p**2 + 8*p**2. What is n(5)?
17
Let k(o) = -4 + 0 + 2*o + o**2 + 0. Determine k(5).
31
Let d be (3/(-4))/((-72)/(-672)). Let i(l) = -l**2 - 8*l - 12. Give i(d).
-5
Let x(n) = n + 5. Suppose q - 25 = -19. What is x(q)?
11
Let f = 3 + 5. Let n(u) = -u - 5 - f - 5 + 4. Calculate n(0).
-14
Let p = 28 + -49. Let j = p + 23. Suppose j*y - 20 = -3*y. Let m(c) = -c**3 + 4*c**2 + c. Calculate m(y).
4
Let z(t) = -t**3 + 7*t**2 - 4*t + 7. Suppose 3*f = 67*j - 69*j + 25, 5*f = -j + 30. Calculate z(f).
37
Let x(q) = -13 + q**3 + 70*q**2 + 66*q**2 + 2*q + 70*q**2 + 66*q**2 - 265*q**2. What is x(-6)?
11
Let r(u) = -4*u - 35. Let a be r(-11). Suppose g = -5*k - g - a, -3*g + 21 = -4*k. Let t(d) = d**3 + 4*d**2 + 3*d + 1. Calculate t(k).
1
Let c(v) be the third derivative of v**6/120 - v**5/60 - v**4/24 + v**3/3 + 13*v**2. Suppose 3*w = 6*w - 27. Suppose 5*f - w = 1. Calculate c(f).
4
Suppose -5 = -n - 4*n. Let h(w) = -11*w**2 + 2. Let c(j) = 22*j**2 - 3. Let g(m) = 3*c(m) + 5*h(m). Determine g(n).
12
Let s(a) be the third derivative of -1/60*a**5 + 9*a**2 + 0 + 0*a + 0*a**3 + 1/12*a**4. Let t(w) = w + 7. Let k be t(-4). Give s(k).
-3
Let h(c) be the second derivative of -2*c**2 + 0 + 1/2*c**3 - 7*c + 1/12*c**4. Give h(-4).
0
Let q(h) be the third derivative of -h**6/24 + h**5/30 + h**4/6 + 13*h**2. Let b(d) = -4*d**3 + 2*d**2 + 3*d. Let x(v) = 6*b(v) - 5*q(v). What is x(-3)?
-3
Suppose 0 = -5*l + 29 + 6. Let q(c) = -c**2 - l*c + 7*c - 15 + 0*c + c**3. Let y be -24 - -24 - ((1 - 0) + -1). What is q(y)?
-15
Let q(b) = -24*b - 219. Let f be q(-9). Let s(i) = i + 3. Calculate s(f).
0
Let v(d) be the third derivative of d**6/120 - d**5/12 - 7*d**4/24 + 2*d**3/3 + 3*d**2 + 28*d. Determine v(6).
-2
Let y(o) = 2*o - 2. Let x(s) = -7*s + 8. Let w(a) = x(a) + 4*y(a). What is w(1)?
1
Let f(l) be the first derivative of -l**2 - l - 70. Calculate f(4).
-9
Let y(o) be the first derivative of -1/3*o**3 + 3*o**2 - o - 2. Suppose 2*u + 5*r - 13 = -u, 25 = 5*u + 5*r. Calculate y(u).
-1
Let g be (-28)/(-3) - (-12)/18. Let t be (1 - g)*3/(-9). Let k(n) = n + 1. Give k(t).
4
Let t(b) be the first derivative of b**3/3 - 5*b**2/2 + 9*b + 6. Suppose 6*x = x + 30. What is t(x)?
15
Let h be (-156)/(-117)*(-18)/4. Let m(j) = j + 8. Give m(h).
2
Let x(a) be the second derivative of -1/6*a**4 - 1/2*a**3 + 2*a**2 + 0 - 2*a. Let c(w) = -w**2 - w + 1. Let g(r) = -3*c(r) + x(r). Determine g(1).
2
Let d(o) be the first derivative of -o**2 + 9*o - 137. Determine d(6).
-3
Let s(z) = -2*z**2 + 7*z + 5. Let v = -150 + 148. Let f(u) = -2*u**3 - 8*u**2 - 12*u - 2. Let c be f(v). Give s(c).
-25
Let p(b) = 7*b - 1. Let j(l) = -3*l - 4. Let s be j(-3). Suppose -s*x - 3 = -8*x. Calculate p(x).
6
Let k(f) = 6*f + 2. Suppose -35 = -3*a - 29. Determine k(a).
14
Let a(t) = -3*t**2 + 4*t - 3. Let g(x) = 2*x**2 - 3*x + 3. Let u(b) = -3*a(b) - 4*g(b). Let o = 843 - 839. What is u(o)?
13
Let i(m) = -m**2 + 4*m + 2. Let j be 108/(-24)*(-16)/3. Let v be j/56 + (-32)/(-7). Determine i(v).
-3
Let l be ((-14)/(-56))/(2 - (-30)/(-16)). Let f(m) be the third derivative of 0 + 1/6*m**3 - 1/30*m**5 + 0*m + 1/24*m**4 - 2*m**l. Determine f(-2).
-9
Suppose -3*o + 27 = 5*z, 2 = -2*o - 2*z + 16. Suppose -d = -o*i - 5*d, 0 = 4*d - 16. Let t(c) = -c**3 - 4*c**2 + 2. Give t(i).
2
Let k = 44 + -36. Let v(l) = 0*l + 5 - k - 2*l - 6. Give v(-7).
5
Let k(u) = -u**3 - 11*u**2 + u + 14. Let w be k(-11). Let b(r) = -5*r**2 - 117*r**3 + 116*r**w - 2 + r**2. What is b(-4)?
-2
Let a(u) = u**3 - 2*u + 1. Let h(i) = -2*i**2 - 12*i + 5. Let p be h(-6). Suppose -9*g = -p*g - 8. Calculate a(g).
5
Let m = 481 + -495. Let b(s) = s**2 + 16*s + 11. What is b(m)?
-17
Let r(u) be the third derivative of -u**5/60 - 5*u**4/24 - 3*u**3/2 - 3*u**2 + 48*u. Calculate r(-4).
-5
Suppose 0 = 10*w + 5*w + 30. Let t(j) = j**3 + 3*j**2 - 3*j - 2. What is t(w)?
8
Let b(q) = 4*q - 1. Let i(u) = 6*u - 9*u - 3 + 2*u. Let z be i(-5). Suppose 5*h - 3*x + 12 = 2*h, -12 = -z*h - 2*x. Give b(h).
3
Let b(f) = -5*f - 22. Let t be b(-5). Suppose -2*o = -t*s - 22, o - 3*s = -s + 13. Let y be 3 - (o + -1 + -6). Let z(p) = p - 4. What is z(y)?
1
Let l(x) be the third derivative of -x**6/120 - 3*x**5/20 - 3*x**4/8 - 7*x**3/6 + 2*x**2. Determine l(-8).
1
Let r(f) = -204*f**3 + 6 + 11*f**2 + 399*f**3 - 7*f - 197*f**3 - 1. Give r(5).
-5
Let h = 1728 + -1722. Let s(i) be the second derivative of -i**4/12 + 5*i**3/6 - 5*i**2/2 - 3*i. Calculate s(h).
-11
Let j(o) = 2 - 65*o - 69*o + 130*o + 5. Determine j(5).
-13
Let u(c) = -c + 5. Suppose -3*q = 3*o + 24 + 75, o = -3*q - 43. Let d be 32/(-4) + 4 - o. Let k = -19 + d. Give u(k).
0
Suppose 4*o = 8*d - 6*d - 16, 3*d + o + 11 = 0. Let z(l) = 19*l - 3. What is z(d)?
-41
Let l(w) be the first derivative of 1/2*w**2 + 16 + 3*w. Calculate l(5).
8
Let b = -12 - -15. Suppose b*x + 39 = 4*d, -4*d + 43 = -d - 5*x. Suppose 5*y - d*y + 2 = 0. Let f(i) = 2*i**2 - 2*i + 1. Determine f(y).
5
Let t be -1*(-13)/((-39)/(-18)). Suppose 0 = m + 1 - t. Let a(f) = -f**3 + 6*f**2 - 4*f. Give a(m).
5
Let n(u) = u**3 - 5*u**2 - 3*u - 3. Suppose -56 + 106 = 5*j. Suppose 0 = 2*y + 3*g - j, 5*y - 25 = -0*g + 4*g. What is n(y)?
-18
Let b(d) = d + 10. Let y be b(-8). Let x(l) = 5*l - 2 + 5*l + l**3 - 4*l**y - 8*l. Let m = 168 - 165. Calculate x(m).
-5
Let r(u) be the third derivative of u**7/5040 - u**6/240 - 5*u**5/12 - 20*u**2. Let c(h) be the third derivative of r(h). Give c(0).
-3
Let w(f) = 7*f - 5*f - 6 + 4 + f. Let s(x) = -2*x + 1. Let a(r) = 5*s(r) + 3*w(r). Calculate a(-6).
5
Suppose 7*x - 3 = 6*x. Let y(c) = c - x*c - 3 - 4*c + 7*c. What is y(6)?
3
Suppose -7*k = -3*k - 96. Let m(y) = y - 3. Let h be m(6). Suppose k = -h*b - b. Let u(j) = 2*j + 7. Calculate u(b).
-5
Suppose 2*h = -2*f, 46*f - 49*f = -5*h - 32. Let s(a) be the second derivative of -5/12*a**f + 6*a + 1/2*a**3 - 2*a**2 + 1/20*a**5 + 0. What is s(4)?
-8
Let m(u) = -8*u - u - 4*u - 8*u + 7*u. Calculate m(1).
-14
Let m(a) = 15*a + 1 + 19*a - 43*a. Give m(-2).
19
Let r = -1424 + 1438. Let y(h) = -h**2 + 16*h - 26. Determine y(r).
2